se 8, what is -756 - -11213?
10235
In base 7, what is -53326 + 41?
-53255
In base 6, what is 2345452 + 0?
2345452
In base 2, what is 1011 - -1110100100100101?
1110100100110000
In base 3, what is -11 - -1001120?
1001102
In base 7, what is -3324 - 1420?
-5044
In base 13, what is -2 + 13b101?
13b0cc
In base 12, what is -3 + -13b982?
-13b985
In base 11, what is 6065a - -4?
60663
In base 12, what is 4 - 17ab9?
-17ab5
In base 9, what is -2662056 + 1?
-2662055
In base 9, what is 4 + -104874?
-104870
In base 6, what is 20 - 1341?
-1321
In base 16, what is 0 + 5ce48?
5ce48
In base 16, what is 672 - 4?
66e
In base 3, what is 222022 - -122102?
1121201
In base 9, what is 2 - 31262?
-31260
In base 16, what is -3cc + fc?
-2d0
In base 14, what is 64c - 2b?
621
In base 16, what is 10 - 4633?
-4623
In base 6, what is 12 + 4212042?
4212054
In base 7, what is -111 + 222446?
222335
In base 16, what is -50 + -3c?
-8c
In base 2, what is -100111100000011010 + 10?
-100111100000011000
In base 14, what is b86 - -8a0?
1646
In base 7, what is 2553544 + -11?
2553533
In base 11, what is -9197 + 14?
-9183
In base 12, what is 2760 - -147?
28a7
In base 8, what is -23310 + -115?
-23425
In base 16, what is -561 + -6f?
-5d0
In base 4, what is 2003 - 32?
1311
In base 13, what is 4 + a77?
a7b
In base 2, what is 101010 - -100000010?
100101100
In base 7, what is -12420043 + 1?
-12420042
In base 5, what is 0 + 14233324?
14233324
In base 11, what is 2 - -143725?
143727
In base 16, what is 137432 - 4?
13742e
In base 12, what is -4867 - -8?
-485b
In base 11, what is -15 - -903a?
9025
In base 3, what is -1101221200112 - 12?
-1101221200201
In base 9, what is -58 + 380?
321
In base 4, what is -2 - -12322312?
12322310
In base 5, what is 44 + -4430040?
-4424441
In base 13, what is 432b + 4?
4332
In base 2, what is 110000000011000011101 - 11?
110000000011000011010
In base 4, what is -101 + -123112?
-123213
In base 16, what is 15ae + -a?
15a4
In base 8, what is 4 + -232672?
-232666
In base 7, what is -2 + -336511?
-336513
In base 9, what is -1527 + 10?
-1517
In base 5, what is -123 - -113333?
113210
In base 2, what is 10000011 + 1000101?
11001000
In base 10, what is 228252 - 0?
228252
In base 16, what is 339 + f?
348
In base 8, what is -403700 - 2?
-403702
In base 10, what is -3900 + 24?
-3876
In base 5, what is 1 + 3301200?
3301201
In base 5, what is -142404 + 10?
-142344
In base 4, what is -20301011 + -10?
-20301021
In base 2, what is -10101111000001100 + 10000?
-10101110111111100
In base 10, what is 1 - -53635?
53636
In base 5, what is 1140044041 - 4?
1140044032
In base 3, what is 102211 + 112212?
222200
In base 6, what is -21 + 121425?
121404
In base 15, what is -173 - 2c0?
-443
In base 3, what is -10011011121 - 2?
-10011011200
In base 16, what is 1 + 907b?
907c
In base 16, what is -3 + 3e4e?
3e4b
In base 2, what is -1010000 + -111010011?
-1000100011
In base 13, what is c4 + 866?
95a
In base 6, what is -24334 - 2?
-24340
In base 4, what is -133230 + -12?
-133302
In base 4, what is -201 - 321223?
-322030
In base 15, what is -1 - 230?
-231
In base 7, what is 502130 - -31?
502161
In base 12, what is 8062b + 12?
80641
In base 15, what is -211b - -2b?
-20e0
In base 13, what is 1a15a5 + -4?
1a15a1
In base 11, what is -834 + -182?
-a06
In base 3, what is 0 + -10111100120?
-10111100120
In base 4, what is 231101 - 3002?
222033
In base 12, what is 28 + 11b3?
121b
In base 4, what is -12233 + 2022?
-10211
In base 14, what is 5 - 1020?
-1019
In base 9, what is 3363280 + 4?
3363284
In base 14, what is -32 - -6d5?
6a3
In base 13, what is a710 + 1?
a711
In base 12, what is 8ba + 46?
944
In base 16, what is -43 + -3f67?
-3faa
In base 16, what is -5c - -e5?
89
In base 7, what is 32152 + 0?
32152
In base 10, what is -392719 + -1?
-392720
In base 11, what is -71232 + 2?
-71230
In base 16, what is 18 - -3f3?
40b
In base 3, what is -111111101 - -11?
-111111020
In base 16, what is 72 - -1c?
8e
In base 9, what is -10 + -403756?
-403766
In base 12, what is -11715 - -7?
-1170a
In base 15, what is 4 - -14c79?
14c7d
In base 6, what is 5531 - 25?
5502
In base 7, what is -1120 - -203?
-614
In base 10, what is 0 + -13386?
-13386
In base 14, what is 8 + 37d95?
37d9d
In base 16, what is 1 + -50e8?
-50e7
In base 8, what is 1 - 216071?
-216070
In base 12, what is -1352a7 - 4?
-1352ab
In base 9, what is -3 - 16250?
-16253
In base 4, what is -200003 - 0?
-200003
In base 12, what is -1854 - 2a?
-1882
In base 13, what is 67 + -248?
-1b1
In base 14, what is -6 + -1451d5?
-1451db
In base 3, what is 0 + 1010210102?
1010210102
In base 5, what is -20 + -113420?
-113440
In base 4, what is 3 + -3101313?
-3101310
In base 2, what is -1000 + 1010010011000?
1010010010000
In base 14, what is aa4 - -120?
bc4
In base 9, what is 251 - -1638?
2000
In base 6, what is 140223103 - -1?
140223104
In base 16, what is -21 - -1b13?
1af2
In base 13, what is 4b - 637c?
-6331
In base 10, what is 163706 - -31?
163737
In base 16, what is 18f0e - 4?
18f0a
In base 16, what is -2 - -1440?
143e
In base 11, what is 231 + 474?
6a5
In base 16, what is -d70e + 7?
-d707
In base 13, what is -b0a - -11?
-ac9
In base 8, what is 0 - -241533?
241533
In base 8, what is 1073 - 11?
1062
In base 5, what is -21 - 42331333?
-42331404
In base 12, what is 16a7 - -1?
16a8
In base 3, what is -110221001 - 2102?
-111000110
In base 15, what is 31 - -173d?
176e
In base 10, what is -107834 + -4?
-107838
In base 12, what is 1228 + 18?
1244
In base 13, what is 1cb6 - -2b?
2014
In base 9, what is -11 - -2738?
2727
In base 11, what is -7224 + 5?
-721a
In base 6, what is -1551 - -15?
-1532
In base 2, what is 100 + -100111110110110?
-100111110110010
In base 10, what is -64 + 149?
85
In base 9, what is -1327 - 16?
-1344
In base 4, what is -10 - -23302131?
23302121
In base 11, what is -8210 - -1?
-820a
In base 5, what is 0 + 2124143?
2124143
In base 2, what is 1 + 1010010100010000001?
1010010100010000010
In base 3, what is -1101 + 11002220?
11001112
In base 16, what is 288b9 - -4?
288bd
In base 8, what is -1065 + -22?
-1107
In base 6, what is -50 - -2005340?
2005250
In base 2, what is -1 - 100110001000110?
-100110001000111
In base 10, what is 662814 - -5?
662819
In base 7, what is -16 - 41055?
-41104
In base 14, what is -10130 + 0?
-10130
In base 9, what is -3457 + 1?
-3456
In base 4, what is 13031 - -210310?
230001
In base 5, what is -104 - -20431?
20322
In base 15, what is b8 + 47?
110
In base 15, what is b9d5 - -a?
b9e0
In base 13, what is 3941 + 2c?
3970
In base 11, what is -233 + 28?
-206
In base 11, what is -2487a93 + 4?
-2487a8a
In base 2, what is -1000000101 + 101010?
-111011011
In base 2, what is -101001000100 - -100100101?
-100100011111
In base 11, what is 5 - -271a9?
27203
In base 16, what is -1a7 + 52?
-155
In base 14, what is -5 + 4334?
432d
In base 14, what is 505d + 16?
5075
In base 11, what is -7350 + 7?
-7344
In base 14, what is -1ab38 + -1?
-1ab39
In base 5, what is 3 - -111444333?
111444341
In base 14, what is -2 - -1d994?
1d992
In base 11, what is 4963 - -636?
5499
In base 10, what is -11109 + -93?
-11202
In base 2, what is -100100 + 100010110?
11110010
In base 10, what is -13344 + -29?
-13373
In base 4, what is 2 - -1011133?
1011201
In base 3, what is 20 + 10200100200?
10200100220
In base 7, what is -16064 + -12?
-16106
In base 13, what is -25 + 5ac6?
5aa1
In base 11, what is 572097 + -3?
572094
In base 9, what is -2 - -1571115?
1571113
In base 5, what is 104 - 20022214?
-20022110
In base 12, what is 6a7b90 + 1?
6a7b91
In base 8, what is 336445 - -36?
336503
In base 4, what is 233 + -212020?
-211121
In base 7, what is 1401212 - -2?
1401214
In base 2, what is -100010110001001 + 110?
-100010110000011
In base 3, what is -222 - 2110222020?
-2111000012
In base 3, what is -2 - 100011122002?
-100011122011
In base 3, what is 11 + 1000112102?
1000112120
In base 9, what is 65 + 7715?
7781
In base 2, what is -100111000100100000 - -110?
-100111000100011010
In base 13, what is -1039a - 51?
-1041b
In base 15, what is 46d21b + 4?
46d220
In base 4, what is 32101020 + -13?
32101001
In base 11, what is -2954 - -1a?
-2935
In base 8, what is -156741 + -4?
-156745
In base 16, what is 4f89 - -1?
4f8a
In base 13, what is -4c + -23a?
-289
In base 13, what is -184 - 4a?
-201
In base 9, what 